mber?
True
Is 26 - (-2)/(-6)*(-4 - -13) a composite number?
False
Let x = 2308 + -1341. Is x prime?
True
Is (-6)/(-4)*(-24)/(-18) prime?
True
Suppose x = -5 + 3. Let n be x/(-2 - 118/(-58)). Is n/(-3) - 3/9 prime?
True
Suppose -126*h + 128*h = 426. Is h a prime number?
False
Let s be (-12)/(-15)*5/2. Let w be s/(-4) - (-66)/(-4). Let q = w + 31. Is q composite?
True
Let w(i) = 7*i**2 - 8*i - 21. Is w(-8) composite?
False
Suppose -w + 6*w - 3*a - 119 = 0, 2*a - 104 = -5*w. Let n(t) = -6*t**2 + w*t**2 + 0*t + t. Is n(-1) a composite number?
True
Let p = 9 - 8. Is p*(-7)/2*-4 a prime number?
False
Let f(y) = 2*y - 9. Let g be f(7). Suppose -x = -g*k - 13, x - 59 = -x - k. Suppose -r - 2*r = a - x, -4*a = 2*r - 102. Is a a prime number?
False
Let g(y) = 25*y + 1. Let q be g(1). Suppose 66 = 2*l - q. Is l a prime number?
False
Suppose 3*t - 1767 = -3*x - 0*x, -3*x + 5*t = -1751. Is x prime?
True
Suppose 5*l + 60 = -2*f - 18, 48 = -2*l - 5*f. Is (-2)/(-14) - 936/l a prime number?
True
Is (-1)/(-1) - (-107 + -11) prime?
False
Let q(b) = -49*b - 1. Let j be q(3). Is j/12*(-2 - 1) a prime number?
True
Let i(p) = -p + 19. Let g be i(0). Let z = g - 10. Let m = z + 10. Is m a composite number?
False
Let o(y) = 31*y + 2 - 6 + 1. Is o(6) composite?
True
Let z(g) = -g**3 + g**2 - g - 1. Let t(a) = 12*a**3 - 7*a**2 + 9*a + 5. Let u(l) = t(l) + 6*z(l). Is u(3) a prime number?
False
Let q(k) = 4*k**2 - 15*k + 15. Let r be q(10). Suppose -6*z = -z - r. Is z composite?
False
Let u = 12 + -16. Is ((-86)/8 + 0)*u a prime number?
True
Is 0/13 - 10983/((-3)/1) a composite number?
True
Suppose -2*w + 0*a = -5*a + 14, w + 13 = 4*a. Is (22/(-4))/(w/(-6)) composite?
False
Let f = 4 - -1. Suppose 2*x = 3*w + 400, f*x - 3*w = -5*w + 1019. Is x a composite number?
True
Suppose -4*p = 5*c - 43, 2*p + 2*c - 16 = 4. Let x(d) = 4*d**2 - 6*d + 4. Let y be x(p). Suppose -q + y = q. Is q prime?
True
Let w(m) = m**3 - 8*m**2 - m + 11. Let v be w(8). Suppose j - v*j = -586. Is j prime?
True
Let q = -623 - -958. Is q composite?
True
Suppose l - 1 = -3*h, -6*h = -h - 4*l - 30. Suppose -3*m = -3*z - 18, -4*m + h*z - z + 27 = 0. Is m composite?
False
Let y = 30 + 7. Is y a composite number?
False
Let k = 645 - 458. Is k prime?
False
Let j = 3 - 0. Suppose 5*q - i - 195 = -j*i, -173 = -4*q - 5*i. Is q composite?
False
Suppose 0 = p - 2*d - 12, -2*d - 4 = 4. Suppose -r - 25 = p*r. Is -746*(-3 + r/(-2)) prime?
True
Is 1/3 - (-2908)/6 a prime number?
False
Is (4 - 3) + (147 - -1) prime?
True
Let b(i) = 12*i**2 + 1. Let l be b(1). Let n be -1 - (-3)/((-3)/l). Let j = 33 + n. Is j a prime number?
True
Let j(r) = 211*r - 2. Is j(3) a composite number?
False
Let x(z) = -z**2 + 9*z + 6. Let s be x(9). Let h be (-54)/4 - (-1)/(-2). Is (h/s)/((-3)/117) a composite number?
True
Suppose 13 + 5 = -3*c. Let x(m) = m**2 - 7*m + 7. Is x(c) a composite number?
True
Is (-11)/(-55) - 1308/(-10) composite?
False
Let u(f) = 12*f**2 + 6*f + 3. Is u(6) prime?
False
Suppose -472 = -3*b + 5885. Is b a composite number?
True
Is 1883/4 - (-1)/4 a prime number?
False
Suppose -2*j + 4*j = 5*z - 16, -4*j - 12 = 0. Is (5/z)/(4/40) composite?
True
Let r be 2 + -11 - (4 - 7). Is (-3)/(r/404) + -1 prime?
False
Let s = -33 + 46. Suppose -4*q - s = 5*b + 17, 0 = b - 4*q - 18. Is -2*1*79/b a composite number?
False
Suppose 15*w = 3*w + 51252. Is w a composite number?
False
Suppose -5*i + 2*c + 77 = 0, 0*i + c - 14 = -i. Suppose -50 = 5*s - 0*s - 5*t, -2*t + 10 = 0. Let n = i + s. Is n a prime number?
False
Suppose -2*g = 6, z - 2*g - 1 = 7. Let k(s) = -s**3 + 6*s**2 - 5*s - 6. Let m be k(5). Is (z/m)/(3/(-333)) composite?
False
Suppose 0 = 2*a - 136. Suppose 2*i = -n + 86, 2*n + a - 236 = -2*i. Is n composite?
True
Let a(c) be the second derivative of -c**3/6 - c**2/2 - c. Let f be a(-3). Suppose 0*j + f*j - 38 = 0. Is j prime?
True
Let j be (-1 + 5)/(4/26). Suppose 2*r - j - 36 = 0. Is r prime?
True
Let o(r) = r. Let k be o(4). Suppose k*j + 14 = 38. Is j composite?
True
Let m = 11 - -74. Suppose 0*f + m = f. Is f composite?
True
Let j = 8 + -5. Suppose r + 3*b - 75 = 0, 3*r + j*b = -r + 336. Is r composite?
True
Let p be ((-6)/9)/((-1)/3). Suppose p = -5*k + 7. Suppose -2*o + 3 = -k, 0 = -5*g + 4*o + 1107. Is g a composite number?
False
Let f(b) = b**3 + 20*b**2 + 7*b + 41. Is f(-19) a prime number?
True
Suppose -3*c + 1 + 8 = 0. Let u(w) = -w**3 + 4*w**2 + w + 1. Is u(c) a composite number?
False
Let s(r) = 4*r**2 - r + 2. Let g be 12 + 1 + 1 + 1. Suppose -2*f + g = 3*b + 3*f, -b = -5*f - 5. Is s(b) prime?
True
Suppose 119 = -5*i + 14. Let l = i + 104. Is l a composite number?
False
Let i(c) = 2 + 5 - 17*c - 2 + 8. Is i(-6) prime?
False
Suppose -i + 4*i - 6 = 0. Suppose -l = n - i*l - 78, -4 = 4*l. Is n a composite number?
True
Let m(g) = -g**3 - 9*g**2 + 2*g + 13. Let w be m(-9). Is (-4)/20 - 186/w composite?
False
Let z be 3*(3/(-3) - -54). Let x = z - 26. Is x prime?
False
Let c(w) = -668*w - 4. Let b be c(-4). Is 2/(-5) - b/(-20) a prime number?
False
Let r be (-32)/(-20)*(-10)/(-4). Suppose 0 = -3*f + 145 - r. Let o = 82 - f. Is o a prime number?
False
Suppose 4*s - 5*r - 4245 = 0, -3*r = r + 20. Is s a prime number?
False
Suppose -2*o - l = -2*l - 1, -o = 5*l - 28. Suppose 0 = -2*g + o*g - 53. Is g a composite number?
False
Let r = 8 + -4. Is 6543/45 + r/(-10) prime?
False
Suppose -j + 127 = 2*c - c, -2*j = 0. Is c a prime number?
True
Let n(v) = -v**3 + 6*v**2 + v - 1. Let x be n(6). Suppose i + x*b - 37 = 4*i, -5*i - 5*b + 5 = 0. Let o(q) = 9*q**2 + 3*q - 5. Is o(i) a composite number?
False
Let l = 5 - 2. Suppose o = l*t + 1, -3*o = -2*t + t + 5. Is (-3)/o*6/1 a prime number?
False
Let z be (6 + -3)*12/9. Suppose 3*u = z*b + 313, u = 2*u - b - 106. Is u a composite number?
True
Let t(q) be the first derivative of 2/3*q**3 + 1 - 9/2*q**2 - 4*q. Is t(7) a composite number?
False
Suppose 0 = -k - 0*k - 4*w + 78, -2*k - 5*w + 150 = 0. Suppose 2*n - 4*n = -k. Is n composite?
True
Suppose -5*v = 5*j, -2*v - 3*v - 9 = -4*j. Is 4/(v/14*-4) a composite number?
True
Let y = -38 - -79. Let k = -22 + y. Is k a prime number?
True
Let u(d) = -14*d - 3. Is u(-4) composite?
False
Suppose -4*o + 12 = -o. Suppose 2*b + d - 26 - 14 = 0, o*b - 3*d - 90 = 0. Is b composite?
True
Let y(g) = 26*g - 6. Suppose s - 3 = 2*w, 2*s + 6*w = w + 15. Let x be y(s). Suppose -r = 3*r - x. Is r a composite number?
False
Suppose 423 = 4*p - 0*p + 3*l, -3*p + 2*l + 296 = 0. Let c = p - 44. Is c a prime number?
False
Is 4/4 - 832/(-4) a prime number?
False
Is (22/3)/((-3)/(477/(-2))) composite?
True
Suppose -4*a + a = -5*m + 7700, 6147 = 4*m - 5*a. Is m a prime number?
True
Let g(o) = 5*o**3 + 14*o**2 + 14*o + 1. Let p(u) = u**3 + u**2 + u. Let t(j) = g(j) - 6*p(j). Is t(8) composite?
True
Let d = 494 - -69. Is d prime?
True
Suppose -5*r = -4*r - 832. Suppose -4*t = -2*t - r. Suppose 437 = 5*c + 4*b, b = -5*c + 4*b + t. Is c prime?
False
Suppose 2*w = w + 10. Let j(n) = n**3 + 5*n**2 - 6*n. Let v be j(-6). Suppose v*d - d + w = 0. Is d a prime number?
False
Suppose 0 = 4*t + 21 + 275. Let s = t + 180. Is s a composite number?
True
Let z(t) = t**3 - 6*t**2 + 6*t - 5. Let m(p) = p**3 + 12*p**2 + p + 17. Let y be m(-12). Let s be z(y). Suppose l - 4*l + 165 = s. Is l a composite number?
True
Suppose -5*p + 4324 = -5641. Is p prime?
True
Let y = -567 - -1268. Is y a prime number?
True
Let q = -169 + 330. Is q a composite number?
True
Let d = 13 - 7. Suppose -85 - 53 = -d*y. Is y a composite number?
False
Let f(c) = 121*c**2 - 3*c + 25. Is f(4) a prime number?
True
Let u(q) be the third derivative of -q**5/60 + 5*q**4/24 + q**3/2 - 2*q**2. Let n be u(5). Is 4 + 0*n/6 composite?
True
Let k be (12/9)/((-2)/54). Let i = -16 - k. Suppose -p + 3*p = i. Is p a prime number?
False
Suppose -5*x - 5*m + 2650 = 0, -x - 4*m + 490 + 52 = 0. Is ((-1)/(-2))/(1/x) a composite number?
False
Let h = -354 + 745. Is h a prime number?
False
Let c(j) = -3*j - 4. Let h be c(-3). Suppose h*v - 535 = 4*s, 2*v = -2*s - 2*s + 186. Is v a prime number?
True
Let x(o) = 39*o**2 + 10. Is x(5) a composite number?
True
Let b = 9 - -24. Is b composite?
True
Let y = 31 - 19. Let c be (0 - 356)*(-9)/y. Suppose c = 5*i - 8. Is i prime?
False
Suppose 8 - 232 = 2*d. Suppose 3*k - 375 =